[INFO] fetching crate actix-hash 0.5.0...
[INFO] checking actix-hash-0.5.0 against master#e6e4f7ed1589e03bc2f6c5931c1a72e7947e8682 for beta-170-4
[INFO] extracting crate actix-hash 0.5.0 into /workspace/builds/worker-3-tc2/source
[INFO] validating manifest of crates.io crate actix-hash 0.5.0 on toolchain e6e4f7ed1589e03bc2f6c5931c1a72e7947e8682
[INFO] running `Command { std: CARGO_HOME="/workspace/cargo-home" RUSTUP_HOME="/workspace/rustup-home" "/workspace/cargo-home/bin/cargo" "+e6e4f7ed1589e03bc2f6c5931c1a72e7947e8682" "metadata" "--manifest-path" "Cargo.toml" "--no-deps", kill_on_drop: false }`
[INFO] started tweaking crates.io crate actix-hash 0.5.0
[INFO] removed 0 missing examples
[INFO] removed 0 missing tests
[INFO] finished tweaking crates.io crate actix-hash 0.5.0
[INFO] tweaked toml for crates.io crate actix-hash 0.5.0 written to /workspace/builds/worker-3-tc2/source/Cargo.toml
[INFO] crate crates.io crate actix-hash 0.5.0 already has a lockfile, it will not be regenerated
[INFO] running `Command { std: CARGO_HOME="/workspace/cargo-home" RUSTUP_HOME="/workspace/rustup-home" "/workspace/cargo-home/bin/cargo" "+e6e4f7ed1589e03bc2f6c5931c1a72e7947e8682" "fetch" "--manifest-path" "Cargo.toml", kill_on_drop: false }`
[INFO] running `Command { std: "docker" "create" "-v" "/var/lib/crater-agent-workspace/builds/worker-3-tc2/target:/opt/rustwide/target:rw,Z" "-v" "/var/lib/crater-agent-workspace/builds/worker-3-tc2/source:/opt/rustwide/workdir:ro,Z" "-v" "/var/lib/crater-agent-workspace/cargo-home:/opt/rustwide/cargo-home:ro,Z" "-v" "/var/lib/crater-agent-workspace/rustup-home:/opt/rustwide/rustup-home:ro,Z" "-e" "SOURCE_DIR=/opt/rustwide/workdir" "-e" "CARGO_TARGET_DIR=/opt/rustwide/target" "-e" "CARGO_HOME=/opt/rustwide/cargo-home" "-e" "RUSTUP_HOME=/opt/rustwide/rustup-home" "-w" "/opt/rustwide/workdir" "-m" "1610612736" "--user" "0:0" "--network" "none" "ghcr.io/rust-lang/crates-build-env/linux@sha256:19e73879b68f455e41552ea35293514db52ea292d993f571636dbffedb77a1ee" "/opt/rustwide/cargo-home/bin/cargo" "+e6e4f7ed1589e03bc2f6c5931c1a72e7947e8682" "metadata" "--no-deps" "--format-version=1", kill_on_drop: false }`
[INFO] [stdout] d777e694097c22766d63ab3eca889667c23b3562a35ecec6698551537c6b1ad2
[INFO] running `Command { std: "docker" "start" "-a" "d777e694097c22766d63ab3eca889667c23b3562a35ecec6698551537c6b1ad2", kill_on_drop: false }`
[INFO] running `Command { std: "docker" "inspect" "d777e694097c22766d63ab3eca889667c23b3562a35ecec6698551537c6b1ad2", kill_on_drop: false }`
[INFO] running `Command { std: "docker" "rm" "-f" "d777e694097c22766d63ab3eca889667c23b3562a35ecec6698551537c6b1ad2", kill_on_drop: false }`
[INFO] [stdout] d777e694097c22766d63ab3eca889667c23b3562a35ecec6698551537c6b1ad2
[INFO] running `Command { std: "docker" "create" "-v" "/var/lib/crater-agent-workspace/builds/worker-3-tc2/target:/opt/rustwide/target:rw,Z" "-v" "/var/lib/crater-agent-workspace/builds/worker-3-tc2/source:/opt/rustwide/workdir:ro,Z" "-v" "/var/lib/crater-agent-workspace/cargo-home:/opt/rustwide/cargo-home:ro,Z" "-v" "/var/lib/crater-agent-workspace/rustup-home:/opt/rustwide/rustup-home:ro,Z" "-e" "SOURCE_DIR=/opt/rustwide/workdir" "-e" "CARGO_TARGET_DIR=/opt/rustwide/target" "-e" "CARGO_INCREMENTAL=0" "-e" "RUST_BACKTRACE=full" "-e" "RUSTFLAGS=--cap-lints=forbid" "-e" "RUSTDOCFLAGS=--cap-lints=forbid" "-e" "CARGO_HOME=/opt/rustwide/cargo-home" "-e" "RUSTUP_HOME=/opt/rustwide/rustup-home" "-w" "/opt/rustwide/workdir" "-m" "1610612736" "--user" "0:0" "--network" "none" "ghcr.io/rust-lang/crates-build-env/linux@sha256:19e73879b68f455e41552ea35293514db52ea292d993f571636dbffedb77a1ee" "/opt/rustwide/cargo-home/bin/cargo" "+e6e4f7ed1589e03bc2f6c5931c1a72e7947e8682" "check" "--frozen" "--all" "--all-targets" "--message-format=json", kill_on_drop: false }`
[INFO] [stdout] 32beb80865c6e93d7d456b43f86cd58d9ea92bf146061f5c2a17ef9e31d51c6e
[INFO] running `Command { std: "docker" "start" "-a" "32beb80865c6e93d7d456b43f86cd58d9ea92bf146061f5c2a17ef9e31d51c6e", kill_on_drop: false }`
[INFO] [stderr]     Checking cfg-if v1.0.0
[INFO] [stderr]    Compiling autocfg v1.1.0
[INFO] [stderr]    Compiling libc v0.2.141
[INFO] [stderr]    Compiling version_check v0.9.4
[INFO] [stderr]    Compiling proc-macro2 v1.0.56
[INFO] [stderr]    Compiling unicode-ident v1.0.5
[INFO] [stderr]    Compiling quote v1.0.26
[INFO] [stderr]    Compiling syn v1.0.102
[INFO] [stderr]    Compiling memchr v2.5.0
[INFO] [stderr]    Compiling typenum v1.15.0
[INFO] [stderr]     Checking pin-project-lite v0.2.9
[INFO] [stderr]    Compiling log v0.4.17
[INFO] [stderr]    Compiling futures-core v0.3.24
[INFO] [stderr]    Compiling generic-array v0.14.6
[INFO] [stderr]    Compiling lock_api v0.4.9
[INFO] [stderr]     Checking once_cell v1.15.0
[INFO] [stderr]    Compiling parking_lot_core v0.9.3
[INFO] [stderr]     Checking bytes v1.2.1
[INFO] [stderr]     Checking scopeguard v1.1.0
[INFO] [stderr]     Checking smallvec v1.10.0
[INFO] [stderr]     Checking subtle v2.4.1
[INFO] [stderr]    Compiling tokio v1.26.0
[INFO] [stderr]     Checking itoa v1.0.4
[INFO] [stderr]    Compiling serde v1.0.145
[INFO] [stderr]     Checking signal-hook-registry v1.4.0
[INFO] [stderr]     Checking socket2 v0.4.7
[INFO] [stderr]     Checking mio v0.8.4
[INFO] [stderr]     Checking parking_lot v0.12.1
[INFO] [stderr]     Checking tracing-core v0.1.30
[INFO] [stderr]    Compiling slab v0.4.7
[INFO] [stderr]    Compiling futures-task v0.3.24
[INFO] [stderr]     Checking getrandom v0.2.7
[INFO] [stderr]    Compiling futures-util v0.3.24
[INFO] [stderr]    Compiling indexmap v1.9.1
[INFO] [stderr]     Checking futures-sink v0.3.24
[INFO] [stderr]     Checking pin-utils v0.1.0
[INFO] [stderr]     Checking percent-encoding v2.2.0
[INFO] [stderr]     Checking fnv v1.0.7
[INFO] [stderr]     Checking hashbrown v0.12.3
[INFO] [stderr]     Checking local-waker v0.1.3
[INFO] [stderr]     Checking ryu v1.0.11
[INFO] [stderr]     Checking tinyvec_macros v0.1.0
[INFO] [stderr]     Checking http v0.2.8
[INFO] [stderr]     Checking tinyvec v1.6.0
[INFO] [stderr]     Checking block-buffer v0.10.3
[INFO] [stderr]     Checking crypto-common v0.1.6
[INFO] [stderr]     Checking form_urlencoded v1.1.0
[INFO] [stderr]     Checking digest v0.10.5
[INFO] [stderr]     Checking rand_core v0.6.4
[INFO] [stderr]    Compiling ahash v0.7.6
[INFO] [stderr]     Checking ppv-lite86 v0.2.16
[INFO] [stderr]    Compiling encoding_rs v0.8.31
[INFO] [stderr]     Checking cpufeatures v0.2.5
[INFO] [stderr]    Compiling httparse v1.8.0
[INFO] [stderr]    Compiling paste v1.0.9
[INFO] [stderr]     Checking unicode-normalization v0.1.22
[INFO] [stderr]     Checking actix-utils v3.0.0
[INFO] [stderr]     Checking bytestring v1.1.0
[INFO] [stderr]     Checking rand_chacha v0.3.1
[INFO] [stderr]     Checking aho-corasick v0.7.19
[INFO] [stderr]     Checking regex-syntax v0.6.27
[INFO] [stderr]     Checking bitflags v1.3.2
[INFO] [stderr]    Compiling serde_json v1.0.86
[INFO] [stderr]     Checking unicode-bidi v0.3.8
[INFO] [stderr]     Checking actix-service v2.0.2
[INFO] [stderr]    Compiling convert_case v0.4.0
[INFO] [stderr]     Checking idna v0.3.0
[INFO] [stderr]     Checking rand v0.8.5
[INFO] [stderr]     Checking local-channel v0.1.3
[INFO] [stderr]     Checking sha1 v0.10.5
[INFO] [stderr]     Checking num_cpus v1.13.1
[INFO] [stderr]    Compiling ahash v0.8.0
[INFO] [stderr]     Checking num_threads v0.1.6
[INFO] [stderr]    Compiling cc v1.0.73
[INFO] [stderr]     Checking httpdate v1.0.2
[INFO] [stderr]     Checking regex-automata v0.1.10
[INFO] [stderr]     Checking language-tags v0.3.2
[INFO] [stderr]     Checking mime v0.3.16
[INFO] [stderr]    Compiling async-trait v0.1.57
[INFO] [stderr]     Checking lazy_static v1.4.0
[INFO] [stderr]    Compiling mediatype v0.19.11
[INFO] [stderr]     Checking base64 v0.21.0
[INFO] [stderr]     Checking bstr v0.2.17
[INFO] [stderr]     Checking regex v1.6.0
[INFO] [stderr]     Checking serde_urlencoded v0.7.1
[INFO] [stderr]     Checking time v0.3.15
[INFO] [stderr]     Checking url v2.3.1
[INFO] [stderr]     Checking csv-core v0.1.10
[INFO] [stderr]     Checking itoa v0.4.8
[INFO] [stderr]     Checking either v1.8.0
[INFO] [stderr]     Checking itertools v0.10.5
[INFO] [stderr]     Checking csv v1.1.6
[INFO] [stderr]    Compiling blake3 v1.3.3
[INFO] [stderr]     Checking serde_html_form v0.2.0
[INFO] [stderr]     Checking arrayvec v0.7.2
[INFO] [stderr]     Checking constant_time_eq v0.2.5
[INFO] [stderr]     Checking arc-swap v1.5.1
[INFO] [stderr]     Checking impl-more v0.1.5
[INFO] [stderr]     Checking arrayref v0.3.7
[INFO] [stderr]     Checking keccak v0.1.2
[INFO] [stderr]     Checking sha2 v0.10.6
[INFO] [stderr]     Checking blake2 v0.10.4
[INFO] [stderr]     Checking sha3 v0.10.5
[INFO] [stderr]     Checking md4 v0.10.2
[INFO] [stderr]     Checking md-5 v0.10.5
[INFO] [stderr]    Compiling tokio-macros v1.8.0
[INFO] [stderr]    Compiling tracing-attributes v0.1.23
[INFO] [stderr]    Compiling derive_more v0.99.17
[INFO] [stderr]    Compiling actix-web-lab-derive v0.19.0
[INFO] [stderr]     Checking tracing v0.1.37
[INFO] [stderr]     Checking actix-router v0.5.1
[INFO] [stderr]     Checking tokio-util v0.7.4
[INFO] [stderr]     Checking actix-rt v2.7.0
[INFO] [stderr]     Checking actix-server v2.1.1
[INFO] [stderr]     Checking actix-codec v0.5.0
[INFO] [stderr]     Checking h2 v0.3.14
[INFO] [stderr]     Checking actix-http v3.3.0
[INFO] [stderr]     Checking actix-web v4.3.0
[INFO] [stderr]     Checking actix-web-lab v0.19.1
[INFO] [stderr]     Checking actix-hash v0.5.0 (/opt/rustwide/workdir)
[INFO] [stdout] error[E0432]: unresolved import `hex_literal`
[INFO] [stdout]   --> tests/body_hash.rs:12:5
[INFO] [stdout]    |
[INFO] [stdout] 12 | use hex_literal::hex;
[INFO] [stdout]    |     ^^^^^^^^^^^ use of undeclared crate or module `hex_literal`
[INFO] [stdout] 
[INFO] [stdout] 
[INFO] [stdout] error[E0433]: failed to resolve: could not find `test` in `actix_web`
[INFO] [stdout]   --> tests/body_hash.rs:15:14
[INFO] [stdout]    |
[INFO] [stdout] 15 | #[actix_web::test]
[INFO] [stdout]    |              ^^^^ could not find `test` in `actix_web`
[INFO] [stdout] 
[INFO] [stdout] 
[INFO] [stdout] error[E0433]: failed to resolve: could not find `test` in `actix_web`
[INFO] [stdout]   --> tests/body_hash.rs:75:14
[INFO] [stdout]    |
[INFO] [stdout] 75 | #[actix_web::test]
[INFO] [stdout]    |              ^^^^ could not find `test` in `actix_web`
[INFO] [stdout] 
[INFO] [stdout] 
[INFO] [stdout] error[E0433]: failed to resolve: could not find `test` in `actix_web`
[INFO] [stdout]    --> tests/body_hash.rs:103:14
[INFO] [stdout]     |
[INFO] [stdout] 103 | #[actix_web::test]
[INFO] [stdout]     |              ^^^^ could not find `test` in `actix_web`
[INFO] [stdout] 
[INFO] [stdout] 
[INFO] [stdout] error[E0433]: failed to resolve: could not find `test` in `actix_web`
[INFO] [stdout]    --> tests/body_hash.rs:131:14
[INFO] [stdout]     |
[INFO] [stdout] 131 | #[actix_web::test]
[INFO] [stdout]     |              ^^^^ could not find `test` in `actix_web`
[INFO] [stdout] 
[INFO] [stdout] 
[INFO] [stdout] error[E0433]: failed to resolve: could not find `test` in `actix_web`
[INFO] [stdout]    --> tests/body_hash.rs:154:14
[INFO] [stdout]     |
[INFO] [stdout] 154 | #[actix_web::test]
[INFO] [stdout]     |              ^^^^ could not find `test` in `actix_web`
[INFO] [stdout] 
[INFO] [stdout] 
[INFO] [stdout] error: cannot determine resolution for the macro `hex`
[INFO] [stdout]   --> tests/body_hash.rs:38:9
[INFO] [stdout]    |
[INFO] [stdout] 38 |         hex!("e3b0c442 98fc1c14 9afbf4c8 996fb924 27ae41e4 649b934c a495991b 7852b855").as_ref()
[INFO] [stdout]    |         ^^^
[INFO] [stdout]    |
[INFO] [stdout]    = note: import resolution is stuck, try simplifying macro imports
[INFO] [stdout] 
[INFO] [stdout] 
[INFO] [stdout] error: cannot determine resolution for the macro `hex`
[INFO] [stdout]   --> tests/body_hash.rs:45:9
[INFO] [stdout]    |
[INFO] [stdout] 45 |         hex!("ba7816bf 8f01cfea 414140de 5dae2223 b00361a3 96177a9c b410ff61 f20015ad").as_ref()
[INFO] [stdout]    |         ^^^
[INFO] [stdout]    |
[INFO] [stdout]    = note: import resolution is stuck, try simplifying macro imports
[INFO] [stdout] 
[INFO] [stdout] 
[INFO] [stdout] error: cannot determine resolution for the macro `hex`
[INFO] [stdout]   --> tests/body_hash.rs:52:9
[INFO] [stdout]    |
[INFO] [stdout] 52 |         hex!(
[INFO] [stdout]    |         ^^^
[INFO] [stdout]    |
[INFO] [stdout]    = note: import resolution is stuck, try simplifying macro imports
[INFO] [stdout] 
[INFO] [stdout] 
[INFO] [stdout] error: cannot determine resolution for the macro `hex`
[INFO] [stdout]   --> tests/body_hash.rs:71:9
[INFO] [stdout]    |
[INFO] [stdout] 71 |         hex!("ba7816bf 8f01cfea 414140de 5dae2223 b00361a3 96177a9c b410ff61 f20015ad").as_ref()
[INFO] [stdout]    |         ^^^
[INFO] [stdout]    |
[INFO] [stdout]    = note: import resolution is stuck, try simplifying macro imports
[INFO] [stdout] 
[INFO] [stdout] 
[INFO] [stdout] error: cannot determine resolution for the macro `hex`
[INFO] [stdout]    --> tests/body_hash.rs:117:9
[INFO] [stdout]     |
[INFO] [stdout] 117 |         hex!("03ac6742 16f3e15c 761ee1a5 e255f067 953623c8 b388b445 9e13f978 d7c846f4").as_ref()
[INFO] [stdout]     |         ^^^
[INFO] [stdout]     |
[INFO] [stdout]     = note: import resolution is stuck, try simplifying macro imports
[INFO] [stdout] 
[INFO] [stdout] 
[INFO] [stdout] error: cannot determine resolution for the macro `hex`
[INFO] [stdout]    --> tests/body_hash.rs:150:9
[INFO] [stdout]     |
[INFO] [stdout] 150 |         hex!("03ac6742 16f3e15c 761ee1a5 e255f067 953623c8 b388b445 9e13f978 d7c846f4").as_ref()
[INFO] [stdout]     |         ^^^
[INFO] [stdout]     |
[INFO] [stdout]     = note: import resolution is stuck, try simplifying macro imports
[INFO] [stdout] 
[INFO] [stdout] 
[INFO] [stdout] error: cannot determine resolution for the macro `hex`
[INFO] [stdout]    --> tests/body_hash.rs:174:9
[INFO] [stdout]     |
[INFO] [stdout] 174 |         hex!("e3b0c442 98fc1c14 9afbf4c8 996fb924 27ae41e4 649b934c a495991b 7852b855").as_ref()
[INFO] [stdout]     |         ^^^
[INFO] [stdout]     |
[INFO] [stdout]     = note: import resolution is stuck, try simplifying macro imports
[INFO] [stdout] 
[INFO] [stdout] 
[INFO] [stdout] error[E0433]: failed to resolve: could not find `main` in `actix_web`
[INFO] [stdout]   --> examples/body_sha2.rs:15:14
[INFO] [stdout]    |
[INFO] [stdout] 15 | #[actix_web::main]
[INFO] [stdout]    |              ^^^^ could not find `main` in `actix_web`
[INFO] [stdout] 
[INFO] [stdout] 
[INFO] [stdout] error[E0433]: failed to resolve: use of undeclared crate or module `env_logger`
[INFO] [stdout]   --> examples/body_sha2.rs:17:31
[INFO] [stdout]    |
[INFO] [stdout] 17 |     env_logger::init_from_env(env_logger::Env::new().default_filter_or("info"));
[INFO] [stdout]    |                               ^^^^^^^^^^ use of undeclared crate or module `env_logger`
[INFO] [stdout] 
[INFO] [stdout] 
[INFO] [stdout] error[E0433]: failed to resolve: use of undeclared crate or module `env_logger`
[INFO] [stdout]   --> examples/body_sha2.rs:17:5
[INFO] [stdout]    |
[INFO] [stdout] 17 |     env_logger::init_from_env(env_logger::Env::new().default_filter_or("info"));
[INFO] [stdout]    |     ^^^^^^^^^^ use of undeclared crate or module `env_logger`
[INFO] [stdout] 
[INFO] [stdout] 
[INFO] [stdout] error[E0752]: `main` function is not allowed to be `async`
[INFO] [stdout]   --> examples/body_sha2.rs:16:1
[INFO] [stdout]    |
[INFO] [stdout] 16 | async fn main() -> io::Result<()> {
[INFO] [stdout]    | ^^^^^^^^^^^^^^^^^^^^^^^^^^^^^^^^^ `main` function is not allowed to be `async`
[INFO] [stdout] 
[INFO] [stdout] 
[INFO] [stdout] error: aborting due to 4 previous errors
[INFO] [stdout] 
[INFO] [stdout] 
[INFO] [stdout] Some errors have detailed explanations: E0433, E0752.
[INFO] [stdout] 
[INFO] [stdout] For more information about an error, try `rustc --explain E0433`.
[INFO] [stdout] 
[INFO] [stderr] error: could not compile `actix-hash` (example "body_sha2") due to 5 previous errors
[INFO] [stderr] warning: build failed, waiting for other jobs to finish...
[INFO] [stdout] error: aborting due to 13 previous errors
[INFO] [stdout] 
[INFO] [stdout] 
[INFO] [stdout] Some errors have detailed explanations: E0432, E0433.
[INFO] [stdout] 
[INFO] [stdout] For more information about an error, try `rustc --explain E0432`.
[INFO] [stdout] 
[INFO] [stderr] error: could not compile `actix-hash` (test "body_hash") due to 14 previous errors
[INFO] running `Command { std: "docker" "inspect" "32beb80865c6e93d7d456b43f86cd58d9ea92bf146061f5c2a17ef9e31d51c6e", kill_on_drop: false }`
[INFO] running `Command { std: "docker" "rm" "-f" "32beb80865c6e93d7d456b43f86cd58d9ea92bf146061f5c2a17ef9e31d51c6e", kill_on_drop: false }`
[INFO] [stdout] 32beb80865c6e93d7d456b43f86cd58d9ea92bf146061f5c2a17ef9e31d51c6e
